 198.
22
Suppose 4*p + 4*m - 28 = -0*m, m - 19 = -4*p. Let t(y) = 2*y**2 + 6*y - 3. Let u be t(5). Let c = -33 + u. Calculate the greatest common factor of c and p.
4
Let n be ((-28)/(-5))/(14/385). What is the greatest common factor of n and 14?
14
Let o = -104 + 156. What is the greatest common factor of 78 and o?
26
Let w be (3 + -2)*(12 + -6). Calculate the highest common factor of w and 6.
6
Let p = 35 + -24. Let h = 18 - p. Let u be (3/6)/(8/112). What is the greatest common factor of u and h?
7
Let y(r) = 169*r**3 + 2*r**2 - 5*r + 2. Let p be y(1). What is the highest common factor of p and 24?
24
Let z = -53 + 72. Calculate the highest common factor of 76 and z.
19
Suppose -2*l - 10 = 0, 5*j - 3*l + 0*l - 100 = 0. Calculate the highest common factor of 34 and j.
17
Let i = -7 - -3. Let s = i - -6. Suppose 2*t - 33 = -s*t + 3*j, -3*t + 4*j = -23. Calculate the greatest common factor of 3 and t.
3
Let n(j) = 63*j. Let f be n(2). Let d(z) = -2*z + 4. Let p be d(-5). What is the highest common factor of f and p?
14
Suppose 4*w = -w, -2*w = 3*k - 144. What is the greatest common divisor of k and 12?
12
Suppose -7*r - 4 = -3*r - 2*q, q = r + 3. Calculate the greatest common factor of 7 and r.
1
Suppose g = 5*g - 288. Suppose -18 = -3*a + 9. What is the highest common divisor of g and a?
9
Let r = -32 + 53. Suppose -2*b = 4*j + 22 + 10, 5*b + 20 = 5*j. Let s be (14/8)/((-2)/b). What is the greatest common divisor of r and s?
7
Let d(x) = -3*x - 3. Suppose 5 + 7 = -4*p. Let j be d(p). Calculate the highest common divisor of 9 and j.
3
Suppose -y + 48 = -0. Calculate the greatest common divisor of y and 24.
24
Suppose -7*k + 12 = -3*k. Suppose 4*u = k*h + 9*u - 31, -4*u + 24 = 2*h. Suppose -2*p = h*p - 616. Calculate the greatest common factor of 14 and p.
14
Suppose -3 + 5 = -t. Let h(u) = 7*u + 1. Let f be h(-1). Let q = t - f. What is the greatest common factor of 36 and q?
4
Let n be ((-1)/(-1))/((-1)/17). Suppose -5*r = -5*u + 15, 3*r = -2*u + 2*r + 6. Let f = u - n. What is the greatest common factor of f and 60?
20
Suppose -3*f = -5*q - 37, -2*q = 4*f - 3*q - 21. Suppose f*v - 208 = 4*l, 7*v - 3*l = 2*v + 252. What is the greatest common factor of v and 12?
12
Let p be 9/3 - 2 - -1. Calculate the greatest common factor of p and 8.
2
Suppose g = -5*k - 37, 3*k + 5*g + 4 + 5 = 0. Let y = k - -13. Suppose 0 = s - y*s + 8. What is the greatest common factor of 16 and s?
2
Let c = -1 - -7. What is the greatest common divisor of c and 12?
6
Let c(h) = -9*h - 1. Let g be c(-2). Let r(y) = 33*y - 11. Let l be r(6). What is the greatest common factor of l and g?
17
Let w = -27 + 39. Calculate the highest common factor of w and 36.
12
Suppose -5*p - 41 - 9 = 0. Let i be (-1 + p/(-6))*6. Calculate the highest common divisor of 6 and i.
2
Suppose -2*x - 2*x + 4 = 0, -15 = -m - x. Let w(d) = -d**2 + 9*d + 12. Let r be w(10). Suppose r*i + 65 = 261. What is the highest common divisor of m and i?
14
Let m(f) = -f + 68. Let j be m(0). Let h = j - 47. Let n = 4 + -1. Calculate the greatest common divisor of n and h.
3
Let f = -1 + 31. Calculate the highest common factor of f and 6.
6
Let x = 42 + -31. Calculate the greatest common factor of x and 11.
11
Suppose 2*o + 3 = -1. Let s = 4 - o. Let c(i) = -13*i + 1. Let n be c(-5). What is the greatest common factor of n and s?
6
Let k = 45 - -50. What is the greatest common divisor of 19 and k?
19
Let y be 2743/143 - 2/11. Calculate the greatest common divisor of 57 and y.
19
Suppose -2*j + s = -79, 2*j = -2*j + 4*s + 156. Suppose 180 = 4*l + j. Let h be 12 - (8/(-2))/2. Calculate the greatest common factor of l and h.
7
Let p(f) = 4*f**2 - 3*f - 2. Let x be p(-2). What is the greatest common divisor of 50 and x?
10
Let f(o) = 16*o - 3. Let n(i) = 15*i - 3. Let c(l) = 6*f(l) - 7*n(l). Let x be c(-7). What is the greatest common factor of 6 and x?
6
Suppose u = -u - 2*f, 8 = -4*f. Suppose 8 = -u*k + 36. What is the highest common divisor of k and 2?
2
Let o be 10/4 - (-2)/(-4). Let d be (-1)/(o*2/(-52)). Let v be 3*1/(-3) - -40. What is the greatest common divisor of v and d?
13
Let l be (-17)/(-4) - 2/8. Suppose 3*h - l*s = 72, -3*s + 48 = 3*h + s. What is the highest common factor of 5 and h?
5
Let k be ((-10)/6)/(1/(-3)). Suppose 5*q + k*u = 25, -6*u + 3*u = 5*q - 19. Let j be 116/q*1 + -2. Calculate the greatest common divisor of 14 and j.
14
Suppose 0 = -3*b - 4*q + 356, b - 5*b + 476 = 4*q. Calculate the highest common divisor of b and 20.
20
Let x be ((-2)/8)/(2/(-8)). Let d = -106 - -113. Calculate the highest common divisor of x and d.
1
Let o(g) = -7*g. Let c be o(-2). What is the greatest common factor of 56 and c?
14
Suppose 2*g = -10, -4 + 0 = -f + g. Let d be (-2)/(0 - f) + 15. Calculate the highest common divisor of d and 104.
13
Let m = -24 - -42. Let u(v) = 7*v**2 - 1. Suppose p + 3*p + 4 = 0. Let o be u(p). What is the greatest common factor of o and m?
6
Let g be (-50)/(-13) - (-2)/13. Let q(a) = 3*a + 3. Let y be 5 - (1 - (2 + -3)). Let p be q(y). What is the greatest common factor of p and g?
4
Let a = 12 + -15. Let z(i) = -15*i - 1. Let g be z(a). Calculate the greatest common divisor of g and 66.
22
Suppose 40*m = 49*m - 324. Let r be (-108)/2*(-4)/3. What is the highest common factor of m and r?
36
Let l(j) = 3*j + 10. Let t be l(8). Let c = -24 + t. What is the highest common divisor of c and 2?
2
Let z = -64 - -70. Suppose 0 = 3*h + 2*h - p - 29, h - p = 5. Calculate the highest common divisor of z and h.
6
Let f = -36 + 50. What is the highest common divisor of 2 and f?
2
Let t = 5 + -4. Let h = t - -2. Let z be 1*20 + h + -2. What is the greatest common divisor of z and 14?
7
Let g be 4/14 - 102/14. Let u(l) = l**3 + 7*l**2 - 2*l - 9. Let w be u(g). Calculate the greatest common factor of w and 35.
5
Let c be ((-9)/(-3) - 6)/(-1). Suppose 0 = c*p + 3*d + 2*d - 137, -5*d - 25 = 0. Calculate the highest common divisor of p and 18.
18
Let m(j) = -18*j - 15. Let f be m(-10). Suppose -3*b + 0*b = -f. Let v be (-2)/(-5) - (-46)/10. What is the highest common factor of v and b?
5
Let f(d) = 28*d - 1. Let z be f(2). What is the highest common factor of 11 and z?
11
Suppose -4 = -w + 3. Let i = 140 - 67. Suppose -i = -4*q - 17. What is the highest common factor of w and q?
7
Let p(b) = b**2 - 6*b + 7. Let g be p(13). What is the greatest common factor of 42 and g?
14
Let k be 8/12*(3 + 0). Suppose -8 = -4*p + k*p. Suppose -h - 15 = -q - 3, -p*q = 3*h - 34. Calculate the highest common divisor of 25 and q.
5
Let z be (-2 - 0 - -6)*(-286)/(-8). What is the greatest common factor of z and 13?
13
Let a = -415 - -695. Suppose y + a = 3*y. Suppose -2*t - y = -7*t. What is the highest common factor of t and 4?
4
Suppose -3*c = -6*c + 9. Suppose -d - 28 = -c*d. Calculate the greatest common divisor of 154 and d.
14
Let c(d) = d**3 + 11*d**2 + d + 14. Let u be c(-11). Suppose -2*n + 24 = 2*x, -5*x = -6*x - u*n + 16. Calculate the highest common factor of x and 30.
10
Let f(k) = 6*k**2 - k. Suppose -14 = -4*r - 6. Let c be f(r). Let a be 2*-2*330/(-40). What is the highest common factor of a and c?
11
Let x = 1 - -21. Suppose 2*i - 22 = -0*i. What is the highest common factor of i and x?
11
Let r = -7 - 9. Let t = 28 + r. Calculate the greatest common divisor of t and 108.
12
Suppose 297 - 1323 = -18*q. What is the greatest common factor of 627 and q?
57
Let n(j) = j**3 - 2*j**2 - j + 52. Let r be n(0). Suppose -4*v = 5*d - 114, d + 0*d = -2*v + 54. Calculate the greatest common divisor of v and r.
26
Let q(z) = -5*z + z**2 + z**2 - 5 - 3*z**3 - 6*z**2. Let w be q(-2). Calculate the greatest common divisor of 65 and w.
13
Let k(o) be the second derivative of 3*o**5/5 + o**4/12 - o**3/6 - 3*o. Let z be k(2). What is the highest common divisor of z and 14?
14
Let w = 2 + -2. Suppose 4*n - 101 + 9 = w. Suppose 0 = -5*t + 3*y + 25, 3*t - n = -t + 3*y. Calculate the greatest common divisor of 4 and t.
2
Suppose -2*h - h = 4*w - 136, 5*w = -4*h + 182. Let p be -1*(1*16 + 2). Let g = h + p. Calculate the greatest common divisor of g and 10.
10
Let a be (-6)/(-3)*(0 + 1). Suppose a*s + 2*f = 6, -s - 4*f = -14 + 2. Let h = 14 - s. Calculate the greatest common factor of h and 112.
14
Let l = -16 + 28. Wh